{"id":64,"date":"2014-09-08T10:58:38","date_gmt":"2014-09-08T08:58:38","guid":{"rendered":"http:\/\/www.fragrance-club.ch\/?page_id=64"},"modified":"2016-05-16T14:47:42","modified_gmt":"2016-05-16T12:47:42","slug":"geschichte","status":"publish","type":"page","link":"https:\/\/www.fragrance-club.ch\/?page_id=64","title":{"rendered":"Geschichte"},"content":{"rendered":"<p><strong>Grasse &#8211; die Geburtsst\u00e4tte des Parf\u00fcms<\/strong><\/p>\n<p><a href=\"http:\/\/www.fragrance-club.ch\/wp-content\/uploads\/2014\/06\/Fotolia_54398845_S.jpg\"><img loading=\"lazy\" decoding=\"async\" class=\"alignright size-medium wp-image-78\" src=\"http:\/\/www.fragrance-club.ch\/wp-content\/uploads\/2014\/06\/Fotolia_54398845_S-300x300.jpg\" alt=\"Lavendel Feld\" width=\"300\" height=\"300\" srcset=\"https:\/\/www.fragrance-club.ch\/wp-content\/uploads\/2014\/06\/Fotolia_54398845_S-300x300.jpg 300w, https:\/\/www.fragrance-club.ch\/wp-content\/uploads\/2014\/06\/Fotolia_54398845_S-150x150.jpg 150w, https:\/\/www.fragrance-club.ch\/wp-content\/uploads\/2014\/06\/Fotolia_54398845_S.jpg 693w\" sizes=\"auto, (max-width: 300px) 100vw, 300px\" \/><\/a>Grasse ist die Geburtsst\u00e4tte der weltweiten Parf\u00fcmindustrie und ist bis und mit heute der Schwerpunkt f\u00fcr den internationalen Markt von aromatischen Produkten. Mehr als 60 Unternehmen &#8211; die Rohstoffe, Aromen und D\u00fcfte herstellen\u00a0besch\u00e4ftigen fast 3000 Mitarbeiter. Diese Unternehmen generieren mehr als 50% des aktuellen Weltumsatzes.<\/p>\n<p>Das erste moderne Parf\u00fcm entstand im Jahre 1370. Das &#8222;Eau de Hongrie&#8220; ist eine Mischung aus \u00e4therischen \u00d6len von Lavendel und Rosmarin und ging so in die Parf\u00fcmsaga ein. Laut einer Legende hatte es ein Eremit f\u00fcr die in die Jahre gekommene ungarische K\u00f6nigin Elisabeth hergestellt. Die Wirkung solle verj\u00fcngend, versch\u00f6nernd und Erinnerungen aus der Jugend wieder hervorzaubern k\u00f6nnen.<\/p>\n<p>Die eigentlichen Erfinder waren die Araber, die mit den Techniken der Destillation bis zur Herstellung des reine \u00e4therischen \u00d6les Vorreiter waren &#8211; so entstand ca. 1000 nach Christus vom Arzt Avicenna das erste Rosenwasser.<\/p>\n<p><a href=\"http:\/\/www.fragrance-club.ch\/wp-content\/uploads\/2014\/06\/Fotolia_67880869_S1.jpg\" rel=\"attachment wp-att-112\"><img loading=\"lazy\" decoding=\"async\" class=\"alignleft size-medium wp-image-112\" src=\"http:\/\/www.fragrance-club.ch\/wp-content\/uploads\/2014\/06\/Fotolia_67880869_S1-300x200.jpg\" alt=\"Lavendel und Rosamrin\" width=\"300\" height=\"200\" srcset=\"https:\/\/www.fragrance-club.ch\/wp-content\/uploads\/2014\/06\/Fotolia_67880869_S1-300x200.jpg 300w, https:\/\/www.fragrance-club.ch\/wp-content\/uploads\/2014\/06\/Fotolia_67880869_S1-800x533.jpg 800w, https:\/\/www.fragrance-club.ch\/wp-content\/uploads\/2014\/06\/Fotolia_67880869_S1.jpg 849w\" sizes=\"auto, (max-width: 300px) 100vw, 300px\" \/><\/a>Erst im 11. und 12. Jahrhundert brachten Kreuzfahrer die Kunde der Duftw\u00e4sser zur\u00fcck nach Europa. Im 19. Jahrhundert erlebte die Parf\u00fcmerie ihr goldenes Zeitalter inmitten von Paris. Aktuell stehen den modernen Parf\u00fcmeuren rund 3000 synthetische und 400 nat\u00fcrliche Duftbausteine zum kreiiren neuer Parf\u00fcms zur Verf\u00fcgung.<\/p>\n","protected":false},"excerpt":{"rendered":"<p>Grasse &#8211; die Geburtsst\u00e4tte des Parf\u00fcms Grasse ist die Geburtsst\u00e4tte der weltweiten Parf\u00fcmindustrie und ist bis und mit heute der Schwerpunkt f\u00fcr den internationalen Markt von aromatischen Produkten. Mehr als 60 Unternehmen &#8211; die Rohstoffe, Aromen und D\u00fcfte herstellen\u00a0besch\u00e4ftigen fast 3000 Mitarbeiter. Diese Unternehmen generieren mehr als 50% des aktuellen Weltumsatzes. Das erste moderne Parf\u00fcm [&hellip;]<\/p>\n","protected":false},"author":1,"featured_media":0,"parent":0,"menu_order":0,"comment_status":"closed","ping_status":"closed","template":"","meta":{"footnotes":""},"class_list":["post-64","page","type-page","status-publish","hentry"],"_links":{"self":[{"href":"https:\/\/www.fragrance-club.ch\/index.php?rest_route=\/wp\/v2\/pages\/64","targetHints":{"allow":["GET"]}}],"collection":[{"href":"https:\/\/www.fragrance-club.ch\/index.php?rest_route=\/wp\/v2\/pages"}],"about":[{"href":"https:\/\/www.fragrance-club.ch\/index.php?rest_route=\/wp\/v2\/types\/page"}],"author":[{"embeddable":true,"href":"https:\/\/www.fragrance-club.ch\/index.php?rest_route=\/wp\/v2\/users\/1"}],"replies":[{"embeddable":true,"href":"https:\/\/www.fragrance-club.ch\/index.php?rest_route=%2Fwp%2Fv2%2Fcomments&post=64"}],"version-history":[{"count":6,"href":"https:\/\/www.fragrance-club.ch\/index.php?rest_route=\/wp\/v2\/pages\/64\/revisions"}],"predecessor-version":[{"id":163,"href":"https:\/\/www.fragrance-club.ch\/index.php?rest_route=\/wp\/v2\/pages\/64\/revisions\/163"}],"wp:attachment":[{"href":"https:\/\/www.fragrance-club.ch\/index.php?rest_route=%2Fwp%2Fv2%2Fmedia&parent=64"}],"curies":[{"name":"wp","href":"https:\/\/api.w.org\/{rel}","templated":true}]}}