{"id":53,"date":"2014-09-08T10:40:45","date_gmt":"2014-09-08T08:40:45","guid":{"rendered":"http:\/\/www.fragrance-club.ch\/?page_id=53"},"modified":"2016-03-30T21:30:03","modified_gmt":"2016-03-30T19:30:03","slug":"links","status":"publish","type":"page","link":"https:\/\/www.fragrance-club.ch\/?page_id=53","title":{"rendered":"Links"},"content":{"rendered":"<h3><a href=\"http:\/\/www.fragrance-club.ch\/wp-content\/uploads\/2014\/09\/Flaschen1.jpg\"><img loading=\"lazy\" decoding=\"async\" class=\"alignright wp-image-122 size-medium\" src=\"http:\/\/www.fragrance-club.ch\/wp-content\/uploads\/2014\/09\/Flaschen1-300x284.jpg\" alt=\"Shopping, shopping, shopping...\" width=\"300\" height=\"284\" srcset=\"https:\/\/www.fragrance-club.ch\/wp-content\/uploads\/2014\/09\/Flaschen1-300x284.jpg 300w, https:\/\/www.fragrance-club.ch\/wp-content\/uploads\/2014\/09\/Flaschen1.jpg 526w\" sizes=\"auto, (max-width: 300px) 100vw, 300px\" \/><\/a>Online Parf\u00fcme g\u00fcnstiger einkaufen &#8211; anbei eine Auswahl die wir gut weiter empfehlen k\u00f6nnen:<\/h3>\n<p>\u2022 <a href=\"http:\/\/www.impo.ch\">impo.ch<\/a><\/p>\n<p>\u2022\u00a0<a href=\"http:\/\/webshop.ottos.ch\/de\/parfumerie-spa.html\">webshop.ottos.ch<\/a><\/p>\n<p>\u2022 <a href=\"http:\/\/parfumdeal.de\">parfumdeal.de<\/a><\/p>\n<p>\u2022\u00a0<a href=\"http:\/\/www.fragrancex.com\">fragrancex.com<\/a><\/p>\n<p>\u2022\u00a0<a href=\"http:\/\/www.perfumedeals.com\">perfumedeals.com<\/a><\/p>\n<p>&nbsp;<\/p>\n<p><a href=\"http:\/\/www.fragrance-club.ch\/wp-content\/uploads\/2014\/06\/Fotolia_60039919_XS.jpg\"><img loading=\"lazy\" decoding=\"async\" class=\"alignright wp-image-105 size-medium\" src=\"http:\/\/www.fragrance-club.ch\/wp-content\/uploads\/2014\/06\/Fotolia_60039919_XS-300x300.jpg\" alt=\"Forum in englisch - let's talk about...\" width=\"300\" height=\"300\" srcset=\"https:\/\/www.fragrance-club.ch\/wp-content\/uploads\/2014\/06\/Fotolia_60039919_XS-300x300.jpg 300w, https:\/\/www.fragrance-club.ch\/wp-content\/uploads\/2014\/06\/Fotolia_60039919_XS-150x150.jpg 150w, https:\/\/www.fragrance-club.ch\/wp-content\/uploads\/2014\/06\/Fotolia_60039919_XS.jpg 346w\" sizes=\"auto, (max-width: 300px) 100vw, 300px\" \/><\/a>\u00dcber Parf\u00fcme auf Englisch Diskutieren und sich austauschen<\/p>\n<p>\u2022 <a href=\"http:\/\/www.fragrantica.com\/board\/\">fragrantica.com<\/a><\/p>\n<p>&nbsp;<\/p>\n","protected":false},"excerpt":{"rendered":"<p>Online Parf\u00fcme g\u00fcnstiger einkaufen &#8211; anbei eine Auswahl die wir gut weiter empfehlen k\u00f6nnen: \u2022 impo.ch \u2022\u00a0webshop.ottos.ch \u2022 parfumdeal.de \u2022\u00a0fragrancex.com \u2022\u00a0perfumedeals.com &nbsp; \u00dcber Parf\u00fcme auf Englisch Diskutieren und sich austauschen \u2022 fragrantica.com &nbsp;<\/p>\n","protected":false},"author":1,"featured_media":0,"parent":0,"menu_order":0,"comment_status":"closed","ping_status":"closed","template":"","meta":{"footnotes":""},"class_list":["post-53","page","type-page","status-publish","hentry"],"_links":{"self":[{"href":"https:\/\/www.fragrance-club.ch\/index.php?rest_route=\/wp\/v2\/pages\/53","targetHints":{"allow":["GET"]}}],"collection":[{"href":"https:\/\/www.fragrance-club.ch\/index.php?rest_route=\/wp\/v2\/pages"}],"about":[{"href":"https:\/\/www.fragrance-club.ch\/index.php?rest_route=\/wp\/v2\/types\/page"}],"author":[{"embeddable":true,"href":"https:\/\/www.fragrance-club.ch\/index.php?rest_route=\/wp\/v2\/users\/1"}],"replies":[{"embeddable":true,"href":"https:\/\/www.fragrance-club.ch\/index.php?rest_route=%2Fwp%2Fv2%2Fcomments&post=53"}],"version-history":[{"count":9,"href":"https:\/\/www.fragrance-club.ch\/index.php?rest_route=\/wp\/v2\/pages\/53\/revisions"}],"predecessor-version":[{"id":152,"href":"https:\/\/www.fragrance-club.ch\/index.php?rest_route=\/wp\/v2\/pages\/53\/revisions\/152"}],"wp:attachment":[{"href":"https:\/\/www.fragrance-club.ch\/index.php?rest_route=%2Fwp%2Fv2%2Fmedia&parent=53"}],"curies":[{"name":"wp","href":"https:\/\/api.w.org\/{rel}","templated":true}]}}